+ 166. Give q(69).
-110
Let w(j) = j**2 - 21*j - 48. What is w(20)?
-68
Let x(f) = 4*f - 60. Determine x(27).
48
Let n(h) = 46*h + 103. What is n(-2)?
11
Let d(f) = 203*f - 13598. Give d(67).
3
Let v(u) = 2*u**3 - 165*u**2 + 91*u - 730. Determine v(82).
8
Let d(n) = 857*n - 6005. Calculate d(7).
-6
Let y(w) = -59*w**2 + 67*w + 149. What is y(-2)?
-221
Let q(u) = 52*u - 60. What is q(2)?
44
Let l(d) = -2*d + 165. What is l(-13)?
191
Let s(j) = 133*j - 1250. Calculate s(10).
80
Let t(r) = 10*r**2 - 12*r + 11. Calculate t(1).
9
Let c(y) = -84*y - 63. What is c(-1)?
21
Let r(k) = 3*k**2 - 36*k + 10. Give r(14).
94
Let z(h) = 4*h + 11. Determine z(-6).
-13
Let j(r) = 64*r - 2743. Calculate j(43).
9
Let w(y) = 26*y - 1215. What is w(41)?
-149
Let a(o) = 5*o**2 - 213*o - 433. What is a(-2)?
13
Let n(u) = -2*u**2 + 52*u + 1147. Determine n(-14).
27
Let b(k) = -239*k - 4548. Give b(-19).
-7
Let k(w) = 72*w - 586. Determine k(8).
-10
Let y(f) = -95*f - 482. Calculate y(-5).
-7
Let t(d) = d**2 - 123*d + 1706. What is t(16)?
-6
Let u(l) = -l**2 - 113*l + 15. Calculate u(0).
15
Let n(t) = 417*t + 2110. Give n(-5).
25
Let s(h) = h**2 + 32*h + 31. Calculate s(-17).
-224
Let l(h) = 5*h**2 - 2*h - 17. Determine l(-4).
71
Let a(q) = -15*q - 20. Give a(-19).
265
Let l(j) = 2*j**2 + j + 39. Determine l(-7).
130
Let g(u) = u**3 + 19*u**2 - 40. Calculate g(-19).
-40
Let g(s) = 171*s - 398. Give g(6).
628
Let u(l) = -2*l**2 + 84*l - 748. Determine u(19).
126
Let d(j) = -j**2 - 51*j + 883. Give d(-65).
-27
Let c(y) = y**2 + 4*y - 24. Calculate c(-9).
21
Let y(l) = 7*l**2 + 223*l + 1032. Calculate y(-26).
-34
Let x(b) = 452*b**2 + 44749*b + 106. Give x(-99).
7
Let w(u) = 41*u**2 - 24*u + 3. What is w(2)?
119
Let u(c) = c**3 - 13*c**2 - 4*c + 50. Determine u(13).
-2
Let n(g) = -g**3 + 5*g**2 + 18*g + 9. What is n(8)?
-39
Let d(i) = -i**2 + 16*i - 10. Determine d(16).
-10
Let r(i) = -i**2 + 30*i + 126. Determine r(-4).
-10
Let u(m) = -6*m**2 - 503*m + 146. Give u(-84).
62
Let t(g) = 218*g**2. Determine t(2).
872
Let v(z) = 32*z**2 + 2*z - 12. What is v(1)?
22
Let i(j) = 18*j**2 + 14*j + 26. Calculate i(-2).
70
Let w(b) = b**2 - 10*b. Calculate w(-14).
336
Let n(d) = -26*d**2 - 7*d - 8. Give n(-1).
-27
Let c(f) = 250*f - 545. Calculate c(2).
-45
Let b(c) = -c**2 - 636*c + 27700. What is b(41)?
-57
Let g(c) = -12508*c + 37524. What is g(3)?
0
Let j(n) = -2*n**3 - 56*n**2 - 37*n + 420. Determine j(-27).
-39
Let x(a) = a**3 + 10*a**2 + 17*a + 6. Determine x(-9).
-66
Let p(j) = -j**3 + 30*j**2 + 471*j - 13631. Calculate p(31).
9
Let l(n) = -247*n**3 + 2*n**2 - 72*n + 70. What is l(1)?
-247
Let q(l) = l**3 + 29*l**2 + 73*l + 380. Give q(-26).
510
Let v(y) = 8*y**3 - 39*y**2 + 2*y - 31. Determine v(5).
4
Let p(r) = 778*r - 27233. Calculate p(35).
-3
Let t(s) = -40*s + 110. Determine t(2).
30
Let z(d) = d**2 + 64*d + 565. Give z(-52).
-59
Let n(x) = -9*x - 38. Give n(-6).
16
Let a(v) = -1990*v - 280596. What is a(-141)?
-6
Let t(k) = 2*k**3 - 3*k**2 - 39*k + 108. Give t(4).
32
Let o(a) = 8*a**2 + 545*a + 689. Determine o(-67).
86
Let n(f) = -f**2 + 28*f + 24. Calculate n(-5).
-141
Let j(d) = -39859*d - 239143. Determine j(-6).
11
Let k(d) = -289*d - 2317. Give k(-8).
-5
Let m(z) = -12*z + 562. Give m(52).
-62
Let o(c) = 1753*c**2 - 1747*c - 1. What is o(1)?
5
Let y(a) = -1238*a - 27248. Give y(-22).
-12
Let b(n) = n**3 - 199*n**2 - 19*n + 3803. Calculate b(199).
22
Let c(o) = -o**2 + 18. Calculate c(-10).
-82
Let u(w) = 491*w + 8841. Give u(-18).
3
Let o(a) = a**3 + 58*a**2 + 57*a - 1. What is o(-57)?
-1
Let k(o) = o**3 + 10*o**2 - 14*o - 8. What is k(5)?
297
Let s(j) = -51*j - 17. What is s(1)?
-68
Let q(v) = -20*v + 236. Determine q(16).
-84
Let p(h) = -79*h + 8769. Determine p(111).
0
Let f(x) = 16*x - 32. Give f(-17).
-304
Let l(a) = -6*a**2 - 34*a + 533. Determine l(7).
1
Let d(u) = -3*u**2 - 5*u - 51. Give d(-7).
-163
Let v(q) = -7*q**2 + 76*q + 552. Calculate v(-5).
-3
Let x(o) = 33*o + 1807. Give x(-55).
-8
Let x(o) = -o**3 - o**2 + 157*o + 9. Determine x(12).
21
Let c(d) = 41*d + 336. Determine c(-5).
131
Let t(u) = -2*u**2 + 86*u + 2320. Give t(-20).
-200
Let r(g) = -g**3 - 126*g**2 - 488*g + 12. What is r(-122)?
12
Let q(s) = 4*s**2 - 132*s + 30. What is q(33)?
30
Let t(f) = -76*f - 230. Calculate t(-3).
-2
Let g(i) = i**3 - 14*i**2 + 27*i - 26. Determine g(9).
-188
Let t(l) = l**2 + 1780*l - 39661. Determine t(22).
-17
Let q(i) = 259*i**2 + 22274*i - 15. Give q(-86).
-15
Let a(o) = -o**3 + 13*o**2 + 11*o + 28. What is a(14)?
-14
Let i(y) = -y**3 - 44*y**2 + 35*y - 290. What is i(-45)?
160
Let g(f) = 90*f - 650. What is g(7)?
-20
Let f(h) = 153*h - 171. What is f(0)?
-171
Let z(q) = q**3 - 17*q**2 + 17*q - 23. Calculate z(16).
-7
Let i(c) = c**2 - 116*c - 9174. What is i(170)?
6
Let h(j) = 176*j + 2613. Determine h(-15).
-27
Let c(o) = 10*o**2 + 684*o - 351. Give c(-69).
63
Let t(w) = -17*w**2 + 6*w + 2. Calculate t(3).
-133
Let j(u) = -2*u**2 - 3*u + 317. What is j(0)?
317
Let a(o) = -o**3 - 40*o**2 + 3*o + 128. Calculate a(-40).
8
Let z(s) = 152*s + 21. What is z(-1)?
-131
Let r(s) = 3*s + 88. Determine r(-38).
-26
Let w(u) = u**2 - 12*u - 282. Give w(21).
-93
Let l(a) = a**3 - 38*a**2 + 200*a + 1196. Calculate l(30).
-4
Let l(w) = -2*w**2 + 437*w + 11110. Calculate l(-23).
1
Let t(s) = s**2 + 37*s - 2. What is t(-4)?
-134
Let j(q) = -16802*q - 16802. What is j(-1)?
0
Let b(u) = u**3 + 149*u**2 + 58*u + 8681. Give b(-149).
39
Let r(c) = -4*c + 80. Determine r(21).
-4
Let f(w) = -w**2 - 5*w + 1704. Calculate f(39).
-12
Let g(y) = 4*y**2 - 201*y - 58. What is g(51)?
95
Let s(y) = 111*y + 750. Determine s(-7).
-27
Let q(j) = -6*j**2 + 47*j + 83. What is q(9)?
20
Let h(z) = -z**2 + 20*z + 1855. What is h(-34)?
19
Let p(z) = -8*z + 134. What is p(8)?
70
Let l(y) = 17*y - 143. What is l(16)?
129
Let c(z) = 1471*z + 123550. Calculate c(-84).
-14
Let f(l) = -l**3 + 35*l**2 + 8*l - 284. Determine f(35).
-4
Let z(h) = 13368*h + 187149. Give z(-14).
-3
Let g(z) = z**2 - z - 40. What is g(9)?
32
Let s(h) = -8*h + 47. What is s(-9)?
119
Let d(q) = -16*q - 53. What is d(-4)?
11
Let f(q) = q**3 + 12*q**2 - 20*q - 234. Determine f(-12).
6
Let q(a) = -2*a**2 + 36*a - 162. Give q(7).
-8
Let p(t) = -3*t**2 - 3*t + 230. Calculate p(8).
14
Let x(p) = 8703*p - 147944. Calculate x(17).
7
Let b(j) = -3*j**2 - 71*j - 396. Give b(-6).
-78
Let m(f) = -25*f**2 + f + 5. What is m(-1)?
-21
Let y(j) = 157*j - 26. Calculate y(-1).
-183
Let c(n) = -n**2 + 33*n - 241. Determine c(11).
1
Let n(p) = 510*p + 34. What is n(1)?
544
Let g(n) = -n - 87. Determine g(-33).
-54
Let s(i) = -110*i - 61. What is s(-5)?
489
Let n(p) = -7*p**2 - 848*p - 59. What is n(-121)?
62
Let h(f) = 30*f**3 + 478*f**2 - 34*f - 28. Determine h(-16).
4
Let a(j) = -365*j - 1467. Give a(-4).
-7
Let o(h) = h**2 + 30*h - 38. What is o(-30)?
-38
Let z(r) = -164*r - 7214. Calculate z(-44).
2
Let i(f) = -528*f**2 - 17*f + 21. Give i(1).
-524
Let i(s) = -s**3 + 62*s**2 + 481*s + 31. Determine i(69).
-107
Let n(t) = 99*t**3 + 2*t**2 + 7*t - 7. Give n(1).
101
Let t(z) = -96106*z + 480538. Calculate t(5).
8
Let h(l) = -l**3 + 87*l**2 - 165*l - 426. Calculate h(85).
-1
Let r(d) = 46*d**2 - 112*d. Determine r(4).
288
Let n(l) = -7*l**2 + 262*l + 31. What is n(38)?
-121
Let u(p) = -11*p + 188. Give u(7).
111
Let a(r) = r**3 + 114*r**2 + 334*r + 138. Calculate a(-111).
27
Let j(s) = -s**3 - 21*s**2 + 13*s - 8. Determine j(-22).
190
Let i(x) = x**3 + 21*x**2 + 45*x + 2. Calculate i(-18).
164
Let i(c) = 3*c**2 - 63*c - 395. What is i(-5)?
-5
Let o(s) = 9*s**3 - 102*s**2 - 1153*s + 17. Calculate o(-7).
3
Let a(h) = 7*h**2 + 445*h + 220. What is a(-63)?
-32
Let k(z) = -2*z + 136. What is k(58)?
20
Let m(d) = d**3 + 16*d**2 - 7*d + 39. Give m(-16).
151
Let c(g) = 73*g + 6184. Give c(-85).
-21
Let n(q) = 31*q - 172. Give n(5).
-17
Let t(k) = -2*k**2 + 35*k - 17. Determine t(16).
31
Let x(w) = -41*w**2 - 15*w + 2. Calculate x(1).
-54
Let b(i) = -7*i**2 + 137*i + 282. Determine b(-2).
-20
Let x(s) = s**2 - 95*s + 786. Determine x(86).
12
Let a(t) = 4*t**2 - 4*t + 19. What is a(9)?
307
Let o(w) = w**3 + 41*w**2 + 289*w + 28. Determine o(-32).
-4
Let w(i) = -1364*i + 23179. Determine w(17).
-9
Let n(s) = 41*s + 734. What is n(-18)?
-4
Let a(x) = 